{"id":15,"date":"2022-05-20T14:23:43","date_gmt":"2022-05-20T14:23:43","guid":{"rendered":"https:\/\/kopejska.cz\/?page_id=15"},"modified":"2022-12-10T12:58:33","modified_gmt":"2022-12-10T12:58:33","slug":"about","status":"publish","type":"page","link":"https:\/\/kopejska.cz\/?page_id=15","title":{"rendered":"O mn\u011b"},"content":{"rendered":"\n<p class=\"has-text-align-left\">C\u00edt\u00edm se b\u00fdt mnohem mlad\u0161\u00edm, ne\u017e kolik m\u00e1m t\u00f3n\u016f na stupnici let. Je jich tam 57 a zn\u011bj\u00ed mi v&nbsp;odli\u0161n\u00fdch intervalech a zabarven\u00edch podle toho, jak jsem vzdoroval nebo plynul.<\/p>\n\n\n\n<div style=\"height:32px\" aria-hidden=\"true\" class=\"wp-block-spacer\"><\/div>\n\n\n\n<div class=\"is-content-justification-center is-nowrap is-layout-flex wp-container-1 wp-block-group\"><div class=\"wp-block-image is-style-default\">\n<figure class=\"aligncenter size-full is-resized\"><img decoding=\"async\" loading=\"lazy\" src=\"https:\/\/kopejska.cz\/wp-content\/uploads\/2022\/11\/Akce-2-scaled.jpg\" alt=\"\" class=\"wp-image-227\" width=\"697\" height=\"464\" srcset=\"https:\/\/kopejska.cz\/wp-content\/uploads\/2022\/11\/Akce-2-scaled.jpg 2560w, https:\/\/kopejska.cz\/wp-content\/uploads\/2022\/11\/Akce-2-300x200.jpg 300w, https:\/\/kopejska.cz\/wp-content\/uploads\/2022\/11\/Akce-2-1024x682.jpg 1024w, https:\/\/kopejska.cz\/wp-content\/uploads\/2022\/11\/Akce-2-768x511.jpg 768w, https:\/\/kopejska.cz\/wp-content\/uploads\/2022\/11\/Akce-2-1536x1022.jpg 1536w, https:\/\/kopejska.cz\/wp-content\/uploads\/2022\/11\/Akce-2-2048x1363.jpg 2048w, https:\/\/kopejska.cz\/wp-content\/uploads\/2022\/11\/Akce-2-2000x1331.jpg 2000w\" sizes=\"(max-width: 697px) 100vw, 697px\" \/><figcaption class=\"wp-element-caption\"><strong>Svi\u0165me si vz\u00e1jemn\u011b na cestu&#8230;<\/strong><\/figcaption><\/figure><\/div><\/div>\n\n\n\n<div style=\"height:32px\" aria-hidden=\"true\" class=\"wp-block-spacer\"><\/div>\n\n\n\n<p class=\"has-text-align-left\">M\u016fj \u0161koln\u00ed vzdor byl skryt\u00fd. Do \u0161koly jsem putoval velmi nerad. I kdy\u017e jsem ve \u0161koln\u00edch lavic\u00edch dost \u010dasu prospal, doma jsem se pak u\u010dil, abych si udr\u017eel dobr\u00e9 zn\u00e1mky. \u010casto to bylo s&nbsp;vyp\u011bt\u00edm v\u0161ech sil, abych zvl\u00e1dal v\u0161udyp\u0159\u00edtomn\u00e9 nitern\u00e9 konflikty, ale dot\u00e1hl jsem to a\u017e na in\u017een\u00fdra.<\/p>\n\n\n\n<p class=\"has-text-align-left\">Hr\u00e1l jsem 17 let z\u00e1vodn\u011b tenis a tam jsem plynul. Skv\u011bl\u00ed lid\u00e9, parta kamar\u00e1d\u016f, turnaje, hry nejen sportovn\u00ed, radost z&nbsp;dob\u0159e posazen\u00fdch \u00fader\u016f, zklam\u00e1n\u00ed z&nbsp;proher, \u010derstv\u00e1 v\u016fn\u011b antuky ihned pot\u00e9, co byla v&nbsp;letn\u00edm parnu pokropena vodou\u2026vy\u010derp\u00e1n\u00ed a \u00fanava\u2026regenerace, souzn\u011bn\u00ed\u2026ale i postupn\u011b se vkr\u00e1daj\u00edc\u00ed pochybnosti o tom, \u017ee nen\u00ed jenom sv\u011bt vn\u00edmateln\u00fd p\u011bti smysly.<\/p>\n\n\n\n<p class=\"has-text-align-left\">Prvn\u00ed lesn\u00ed spont\u00e1nn\u00ed meditace. V&nbsp;19 letech. Stavy uvoln\u011bn\u00ed a bla\u017eenosti. V\u011bdom\u00ed l\u00e1skypln\u00e9 propojenosti se v\u0161\u00edm. Vlastn\u00ed ver\u0161e. Otokar B\u0159ezina. Filosofick\u00e1 a duchovn\u00ed literatura. Pravideln\u00e9 praktick\u00e9 duchovn\u00ed usilov\u00e1n\u00ed.<\/p>\n\n\n\n<p class=\"has-text-align-left\">Kytara. Prvn\u011b zakoupen\u00e1 v&nbsp;Praze v&nbsp;r\u00e1mci maturitn\u00edho \u0161koln\u00edho v\u00fdletu. Hlubok\u00e1 touha ps\u00e1t p\u00edsn\u011b a prvotn\u00ed velk\u00e9 zklam\u00e1n\u00ed z&nbsp;toho, \u017ee je to tak t\u011b\u017ek\u00e9 se na kytaru nau\u010dit hr\u00e1t. Pokusy. Zdokonalov\u00e1n\u00ed. Radost z&nbsp;tvo\u0159en\u00ed. L\u00e1ska, kter\u00e1 st\u00e1le \u017eije.<\/p>\n\n\n\n<p class=\"has-text-align-left\">Rodina. Velk\u00fd dar oby\u010dejn\u00e9ho v\u0161edn\u00edho \u017eivota, kter\u00fd jsem si snad ani nezaslou\u017eil. P\u0159inesla mi plno n\u00e1dhern\u00fdch z\u00e1\u017eitk\u016f a tak\u00e9 tr\u00e1pen\u00ed a op\u011bt hlavn\u011b vnit\u0159n\u00edch konflikt\u016f a tlak na hled\u00e1n\u00ed v\u00fdchodisek a \u0159e\u0161en\u00ed, kter\u00fdch bylo nalezeno mnoho. Bezpe\u010dn\u00e9 ukotven\u00ed ve spole\u010denstv\u00ed, \u00falevu, l\u00e1sku. Syna, kter\u00fd \u017eije sv\u016fj \u017eivot a je a v\u017edy bude ned\u00edlnou sou\u010d\u00e1st\u00ed m\u00e9ho \u017eivota. D\u011bkuji.<\/p>\n\n\n\n<p class=\"has-text-align-left\">Pr\u00e1ce se z\u00e1visl\u00fdmi. Mnoho \u0161k\u00e1l barev p\u0159i propojov\u00e1n\u00ed se s&nbsp;lidmi, kte\u0159\u00ed na chv\u00edli ustrnuli, ale tou\u017e\u00ed se op\u011bt rozb\u011bhnout. Z\u00e1zrak toho, \u017ee jsem jim mohl b\u00fdt \u010dasto neobratn\u00fdm pr\u016fvodcem v \u010d\u00e1sti jejich cesty. D\u011bkuji.<\/p>\n\n\n\n<p class=\"has-text-align-left\">Pozn\u00e1n\u00ed. Abych mohl s&nbsp;n\u011bk\u00fdm souzn\u00edt, sd\u00edlet, spolupracovat, tvo\u0159it, mus\u00edm b\u00fdt s\u00e1m sebou a z\u00e1rove\u0148 b\u00fdt sou\u010d\u00e1st\u00ed Toho, co mne p\u0159esahuje, co mne prostupuje a co mi d\u00e1v\u00e1 \u017eivot.<\/p>\n\n\n\n<p class=\"has-text-align-left\">Propojov\u00e1n\u00edm autonomn\u00edch sv\u011bt\u016f vytv\u00e1\u0159et v&nbsp;l\u00e1sce a svobod\u011b rovnov\u00e1hu a harmonii.<\/p>\n\n\n\n<div style=\"height:64px\" aria-hidden=\"true\" class=\"wp-block-spacer\"><\/div>\n\n\n\n<figure class=\"is-layout-flex wp-block-gallery-2 wp-block-gallery has-nested-images columns-2 is-cropped\">\n<figure class=\"wp-block-image size-full\"><a href=\"https:\/\/kopejska.cz\/wp-content\/uploads\/2022\/11\/Uvodni-stranka-devata-podfotka-Koncentrace-scaled.jpg\"><img decoding=\"async\" loading=\"lazy\" width=\"2560\" height=\"1704\" data-id=\"228\"  src=\"https:\/\/kopejska.cz\/wp-content\/uploads\/2022\/11\/Uvodni-stranka-devata-podfotka-Koncentrace-scaled.jpg\" alt=\"\" class=\"wp-image-228\" srcset=\"https:\/\/kopejska.cz\/wp-content\/uploads\/2022\/11\/Uvodni-stranka-devata-podfotka-Koncentrace-scaled.jpg 2560w, https:\/\/kopejska.cz\/wp-content\/uploads\/2022\/11\/Uvodni-stranka-devata-podfotka-Koncentrace-300x200.jpg 300w, https:\/\/kopejska.cz\/wp-content\/uploads\/2022\/11\/Uvodni-stranka-devata-podfotka-Koncentrace-1024x682.jpg 1024w, https:\/\/kopejska.cz\/wp-content\/uploads\/2022\/11\/Uvodni-stranka-devata-podfotka-Koncentrace-768x511.jpg 768w, https:\/\/kopejska.cz\/wp-content\/uploads\/2022\/11\/Uvodni-stranka-devata-podfotka-Koncentrace-1536x1022.jpg 1536w, https:\/\/kopejska.cz\/wp-content\/uploads\/2022\/11\/Uvodni-stranka-devata-podfotka-Koncentrace-2048x1363.jpg 2048w, https:\/\/kopejska.cz\/wp-content\/uploads\/2022\/11\/Uvodni-stranka-devata-podfotka-Koncentrace-2000x1331.jpg 2000w\" sizes=\"(max-width: 2560px) 100vw, 2560px\" \/><\/a><\/figure>\n\n\n\n<figure class=\"wp-block-image size-full\"><a href=\"https:\/\/kopejska.cz\/wp-content\/uploads\/2022\/11\/Uvodni-stranka-druha-podfotka-Usmev-ruce-scaled.jpg\"><img decoding=\"async\" loading=\"lazy\" width=\"2560\" height=\"1704\" data-id=\"229\"  src=\"https:\/\/kopejska.cz\/wp-content\/uploads\/2022\/11\/Uvodni-stranka-druha-podfotka-Usmev-ruce-scaled.jpg\" alt=\"\" class=\"wp-image-229\" srcset=\"https:\/\/kopejska.cz\/wp-content\/uploads\/2022\/11\/Uvodni-stranka-druha-podfotka-Usmev-ruce-scaled.jpg 2560w, https:\/\/kopejska.cz\/wp-content\/uploads\/2022\/11\/Uvodni-stranka-druha-podfotka-Usmev-ruce-300x200.jpg 300w, https:\/\/kopejska.cz\/wp-content\/uploads\/2022\/11\/Uvodni-stranka-druha-podfotka-Usmev-ruce-1024x682.jpg 1024w, https:\/\/kopejska.cz\/wp-content\/uploads\/2022\/11\/Uvodni-stranka-druha-podfotka-Usmev-ruce-768x511.jpg 768w, https:\/\/kopejska.cz\/wp-content\/uploads\/2022\/11\/Uvodni-stranka-druha-podfotka-Usmev-ruce-1536x1022.jpg 1536w, https:\/\/kopejska.cz\/wp-content\/uploads\/2022\/11\/Uvodni-stranka-druha-podfotka-Usmev-ruce-2048x1363.jpg 2048w, https:\/\/kopejska.cz\/wp-content\/uploads\/2022\/11\/Uvodni-stranka-druha-podfotka-Usmev-ruce-2000x1331.jpg 2000w\" sizes=\"(max-width: 2560px) 100vw, 2560px\" \/><\/a><\/figure>\n\n\n\n<figure class=\"wp-block-image size-full\"><a href=\"https:\/\/kopejska.cz\/wp-content\/uploads\/2022\/11\/Prednasky-5-scaled.jpg\"><img decoding=\"async\" loading=\"lazy\" width=\"2560\" height=\"1704\" data-id=\"292\"  src=\"https:\/\/kopejska.cz\/wp-content\/uploads\/2022\/11\/Prednasky-5-scaled.jpg\" alt=\"\" class=\"wp-image-292\" srcset=\"https:\/\/kopejska.cz\/wp-content\/uploads\/2022\/11\/Prednasky-5-scaled.jpg 2560w, https:\/\/kopejska.cz\/wp-content\/uploads\/2022\/11\/Prednasky-5-300x200.jpg 300w, https:\/\/kopejska.cz\/wp-content\/uploads\/2022\/11\/Prednasky-5-1024x682.jpg 1024w, https:\/\/kopejska.cz\/wp-content\/uploads\/2022\/11\/Prednasky-5-768x511.jpg 768w, https:\/\/kopejska.cz\/wp-content\/uploads\/2022\/11\/Prednasky-5-1536x1022.jpg 1536w, https:\/\/kopejska.cz\/wp-content\/uploads\/2022\/11\/Prednasky-5-2048x1363.jpg 2048w, https:\/\/kopejska.cz\/wp-content\/uploads\/2022\/11\/Prednasky-5-2000x1331.jpg 2000w\" sizes=\"(max-width: 2560px) 100vw, 2560px\" \/><\/a><\/figure>\n<\/figure>\n\n\n\n<div style=\"height:40px\" aria-hidden=\"true\" class=\"wp-block-spacer\"><\/div>\n\n\n\n<h2 class=\"has-text-align-center\">Vzd\u011bl\u00e1n\u00ed<\/h2>\n\n\n\n<p><strong>Z\u0160 \u2013 1971 a\u017e 1980 \u2013 z\u00e1kladn\u00ed dev\u00edtilet\u00e1 \u0161kola Lidick\u00e1, Hr\u00e1dek nad Nisou<\/strong><\/p>\n\n\n\n<p><strong>S\u0160 \u2013 1980 a\u017e 1984 &#8211; SP\u0160 stavebn\u00ed Liberec, sokolovsk\u00e9 n\u00e1m\u011bst\u00ed, obor dopravn\u00ed stavby \u2013 maturita<\/strong><\/p>\n\n\n\n<p><strong>V\u0160 \u2013 1984 a\u017e 1985 \u2013 V\u00daT Brno, Barvi\u010dova \u2013 obor pozemn\u00ed stavby \u2013 studium jsem po roce na vlastn\u00ed \u017e\u00e1dost ukon\u010dil<\/strong><\/p>\n\n\n\n<p><strong>V\u0160 \u2013 1986 a\u017e 1991 \u2013 V\u0160 b\u00e1\u0148sk\u00e1 v&nbsp;Ostrav\u011b \u2013 obor \u201eEkonomika a \u0159\u00edzen\u00ed hornictv\u00ed\u201c \u2013 st\u00e1tn\u00ed zkou\u0161ka<\/strong><\/p>\n\n\n\n<p><strong>Sebezku\u0161enostn\u00ed v\u00fdcvik \u2013 2003 a\u017e 2007 \u2013 vedouc\u00ed v\u00fdcviku: Dr. Jitka Vod\u0148ansk\u00e1.<\/strong><\/p>\n\n\n\n<p>Vzd\u011bl\u00e1v\u00e1n\u00ed formou t\u00fddenn\u00edch setk\u00e1n\u00ed prob\u00edhalo na r\u016fzn\u00fdch m\u00edstech \u010cR, hlavn\u011b v Mnichov\u011b Hradi\u0161ti nebo v Tun\u011bchodech. Prost\u0159ednictv\u00edm sd\u00edlen\u00fdch zku\u0161enost\u00ed lektor\u016f (nap\u0159. Jitka Vod\u0148ansk\u00e1, Pavel B\u00e9m, Zden\u011bk Riegr, Ji\u0159\u00ed Bro\u017ea\u2026), vlastn\u00ed sebezku\u0161enosti a pr\u00e1ci pod superviz\u00ed jsem se u\u010dil rozum\u011bt specifik\u016fm terapeutick\u00e9 pr\u00e1ce s rodinn\u00fdmi syst\u00e9my a ty jsem d\u00e1le 15 let prakticky uplat\u0148oval a rozv\u00edjel na sv\u00e9m pracovi\u0161ti ve form\u011b v\u00edkendov\u00fdch strukturovan\u00fdch rodinn\u011b terapeutick\u00fdch program\u016f, jejich\u017e sou\u010d\u00e1st\u00ed jsou spole\u010dn\u00e9 rann\u00ed komunity, vzd\u011bl\u00e1vac\u00ed, skupinov\u00e9 a volno\u010dasov\u00e9 bloky, jako\u017e i hodinov\u00e9 konzultace za \u00fa\u010dasti klienta, p\u0159\u00edbuzn\u00fdch a terapeuta.<\/p>\n\n\n\n<div style=\"height:32px\" aria-hidden=\"true\" class=\"wp-block-spacer\"><\/div>\n\n\n\n<figure class=\"is-layout-flex wp-block-gallery-4 wp-block-gallery has-nested-images columns-default is-cropped\">\n<figure class=\"wp-block-image size-full\"><a href=\"https:\/\/kopejska.cz\/wp-content\/uploads\/2022\/11\/Uvodni-stranka-prvni-podfotka-Tanec-rukou-usmev-scaled.jpg\"><img decoding=\"async\" loading=\"lazy\" width=\"2560\" height=\"1704\" data-id=\"235\"  src=\"https:\/\/kopejska.cz\/wp-content\/uploads\/2022\/11\/Uvodni-stranka-prvni-podfotka-Tanec-rukou-usmev-scaled.jpg\" alt=\"\" class=\"wp-image-235\" srcset=\"https:\/\/kopejska.cz\/wp-content\/uploads\/2022\/11\/Uvodni-stranka-prvni-podfotka-Tanec-rukou-usmev-scaled.jpg 2560w, https:\/\/kopejska.cz\/wp-content\/uploads\/2022\/11\/Uvodni-stranka-prvni-podfotka-Tanec-rukou-usmev-300x200.jpg 300w, https:\/\/kopejska.cz\/wp-content\/uploads\/2022\/11\/Uvodni-stranka-prvni-podfotka-Tanec-rukou-usmev-1024x682.jpg 1024w, https:\/\/kopejska.cz\/wp-content\/uploads\/2022\/11\/Uvodni-stranka-prvni-podfotka-Tanec-rukou-usmev-768x511.jpg 768w, https:\/\/kopejska.cz\/wp-content\/uploads\/2022\/11\/Uvodni-stranka-prvni-podfotka-Tanec-rukou-usmev-1536x1022.jpg 1536w, https:\/\/kopejska.cz\/wp-content\/uploads\/2022\/11\/Uvodni-stranka-prvni-podfotka-Tanec-rukou-usmev-2048x1363.jpg 2048w, https:\/\/kopejska.cz\/wp-content\/uploads\/2022\/11\/Uvodni-stranka-prvni-podfotka-Tanec-rukou-usmev-2000x1331.jpg 2000w\" sizes=\"(max-width: 2560px) 100vw, 2560px\" \/><\/a><\/figure>\n\n\n\n<figure class=\"wp-block-image size-full\"><a href=\"https:\/\/kopejska.cz\/wp-content\/uploads\/2022\/11\/Uvodni-stranka-osma-podfotka-Ponoreni-do-sebe-scaled.jpg\"><img decoding=\"async\" loading=\"lazy\" width=\"2560\" height=\"1704\" data-id=\"231\"  src=\"https:\/\/kopejska.cz\/wp-content\/uploads\/2022\/11\/Uvodni-stranka-osma-podfotka-Ponoreni-do-sebe-scaled.jpg\" alt=\"\" class=\"wp-image-231\" srcset=\"https:\/\/kopejska.cz\/wp-content\/uploads\/2022\/11\/Uvodni-stranka-osma-podfotka-Ponoreni-do-sebe-scaled.jpg 2560w, https:\/\/kopejska.cz\/wp-content\/uploads\/2022\/11\/Uvodni-stranka-osma-podfotka-Ponoreni-do-sebe-300x200.jpg 300w, https:\/\/kopejska.cz\/wp-content\/uploads\/2022\/11\/Uvodni-stranka-osma-podfotka-Ponoreni-do-sebe-1024x682.jpg 1024w, https:\/\/kopejska.cz\/wp-content\/uploads\/2022\/11\/Uvodni-stranka-osma-podfotka-Ponoreni-do-sebe-768x511.jpg 768w, https:\/\/kopejska.cz\/wp-content\/uploads\/2022\/11\/Uvodni-stranka-osma-podfotka-Ponoreni-do-sebe-1536x1022.jpg 1536w, https:\/\/kopejska.cz\/wp-content\/uploads\/2022\/11\/Uvodni-stranka-osma-podfotka-Ponoreni-do-sebe-2048x1363.jpg 2048w, https:\/\/kopejska.cz\/wp-content\/uploads\/2022\/11\/Uvodni-stranka-osma-podfotka-Ponoreni-do-sebe-2000x1331.jpg 2000w\" sizes=\"(max-width: 2560px) 100vw, 2560px\" \/><\/a><\/figure>\n<\/figure>\n\n\n\n<h2 class=\"has-text-align-center\">Kurzy<\/h2>\n\n\n\n<p class=\"has-text-align-left\"><strong>Za\u010d\u00e1tkem tis\u00edcilet\u00ed jsem absolvoval \u0159adu kr\u00e1tkodob\u00fdch kurs\u016f a vzd\u011bl\u00e1vac\u00edch semin\u00e1\u0159\u016f, nap\u0159\u00edklad<\/strong> semin\u00e1\u0159 \u201eO rozhovoru\u201c u Mgr. Knopa v&nbsp;Liberci, \u201e\u010casovou osu\u201c u dvojice MUDr. Chv\u00e1la a MUDr. Trapkov\u00e1\u2026<\/p>\n\n\n\n<p class=\"has-text-align-left\"><strong>Z posledn\u00ed doby v&nbsp;r\u00e1mci povinn\u00e9ho vzd\u011bl\u00e1v\u00e1n\u00ed (ro\u010dn\u011b minim\u00e1ln\u011b 24 hodin)<\/strong><\/p>\n\n\n\n<p class=\"has-text-align-left\"><strong>\u00davod do problematiky dom\u00e1c\u00edho n\u00e1sil\u00ed a stalkingu \u2013 14.9. 2015<\/strong>, 8 hodin, ob\u010dansk\u00e9 sdru\u017een\u00ed \u201eD\u201c \u2013 Liberec.<\/p>\n\n\n\n<p class=\"has-text-align-left\"><strong>\u00davod do pr\u00e1ce s&nbsp;traumatizovan\u00fdmi klienty \u2013 15.9. 2015<\/strong>, 8 hodin \u2013 ob\u010dansk\u00e9 sdru\u017een\u00ed \u201eD\u201c Liberec.<\/p>\n\n\n\n<p class=\"has-text-align-left\"><strong>Vyu\u017eit\u00ed rodinn\u00fdch map a prvk\u016f rodinn\u00e9 rekonstrukce terapeutick\u00e9 praxi \u2013 6. a\u017e 8.10. 2017, 24 vyu\u010dovac\u00edch hodin <\/strong>\u2013 lekto\u0159i: Stephen Buckbee M.A. ED, Michael Dupont, M.A.<\/p>\n\n\n\n<p class=\"has-text-align-left\"><strong>Celostn\u00ed muzikoterapie I., II.<\/strong> \u2013 2013 a\u017e 2017 &#8211; UP Olomouc \u2013 filosofick\u00e1 fakulta.<\/p>\n\n\n\n<p class=\"has-text-align-left\"><strong>Kou\u010dink jako um\u011bn\u00ed<\/strong> \u2013 Magdalena Vok\u00e1\u010dov\u00e1 \u2013 duben 2022 a\u017e leden 2023.<\/p>\n\n\n\n<div style=\"height:32px\" aria-hidden=\"true\" class=\"wp-block-spacer\"><\/div>\n\n\n\n<figure class=\"wp-block-image size-full\"><img decoding=\"async\" loading=\"lazy\" width=\"2560\" height=\"1704\" src=\"https:\/\/kopejska.cz\/wp-content\/uploads\/2022\/11\/Uvodni-stranka-pata-podfotka-Sedici-3-scaled.jpg\" alt=\"\" class=\"wp-image-237\" srcset=\"https:\/\/kopejska.cz\/wp-content\/uploads\/2022\/11\/Uvodni-stranka-pata-podfotka-Sedici-3-scaled.jpg 2560w, https:\/\/kopejska.cz\/wp-content\/uploads\/2022\/11\/Uvodni-stranka-pata-podfotka-Sedici-3-300x200.jpg 300w, https:\/\/kopejska.cz\/wp-content\/uploads\/2022\/11\/Uvodni-stranka-pata-podfotka-Sedici-3-1024x682.jpg 1024w, https:\/\/kopejska.cz\/wp-content\/uploads\/2022\/11\/Uvodni-stranka-pata-podfotka-Sedici-3-768x511.jpg 768w, https:\/\/kopejska.cz\/wp-content\/uploads\/2022\/11\/Uvodni-stranka-pata-podfotka-Sedici-3-1536x1022.jpg 1536w, https:\/\/kopejska.cz\/wp-content\/uploads\/2022\/11\/Uvodni-stranka-pata-podfotka-Sedici-3-2048x1363.jpg 2048w, https:\/\/kopejska.cz\/wp-content\/uploads\/2022\/11\/Uvodni-stranka-pata-podfotka-Sedici-3-2000x1331.jpg 2000w\" sizes=\"(max-width: 2560px) 100vw, 2560px\" \/><\/figure>\n\n\n\n<h2 class=\"has-text-align-center\">Profesn\u00ed \u017eivot<\/h2>\n\n\n\n<p class=\"has-text-align-left\"><strong>Administrativn\u00ed pracovn\u00edk na dole K\u0159i\u017eany \u2013 1985 a\u017e 1986.<\/strong><\/p>\n\n\n\n<p class=\"has-text-align-left\"><strong>Civiln\u00ed slu\u017eba: hl\u00edda\u010d skl\u00e1dky v&nbsp;Hr\u00e1dku nad Nisou \u2013 1991 a\u017e 1992<\/strong><\/p>\n\n\n\n<p class=\"has-text-align-left\"><strong>Po\u0161tovn\u00ed doru\u010dovatel a pracovn\u00edk u p\u0159ep\u00e1\u017eky na po\u0161t\u011b v&nbsp;Jablonci nad Nisou \u2013 1992 a\u017e 1993.<\/strong><\/p>\n\n\n\n<p class=\"has-text-align-left\"><strong>Obchodn\u00ed \u010dinnost \u2013 prodej tri\u010dek \u2013 v&nbsp;Praze, figurant u Metrostavu \u2013 1993 a\u017e 1995.<\/strong><\/p>\n\n\n\n<p class=\"has-text-align-left\"><strong>Soci\u00e1ln\u00ed pracovn\u00edk \u2013 asistent \u2013 1996 a\u017e 1998 \u2013 azylov\u00fd d\u016fm Speramus Liberec \u2013 pr\u00e1ce s&nbsp;bezdomovci.<\/strong><\/p>\n\n\n\n<p class=\"has-text-align-left\"><strong>Socioterapeut \u2013 1. \u010dervna 1998 a\u017e 31. \u010dervence 2021 \u2013 Terapeutick\u00e1 komunita pro drogov\u011b z\u00e1visl\u00e9 (TK) Nov\u00e1 Ves u Chrastavy 55, 434 31, ADVAITA z.\u00fa., www.advaitaliberec.cz<\/strong><\/p>\n\n\n\n<p class=\"has-text-align-left\">Pracoval jsem v terapeutick\u00e9 komunit\u011b pro drogov\u011b z\u00e1visl\u00e9 na pln\u00fd \u00favazek. Zpo\u010d\u00e1tku rok a p\u016fl jako pracovn\u00ed terapeut, pak jako socioterapeut. V letech 2009 a\u017e 2012 jsem komunitu vedl. Od roku 2004 doposud (v r\u00e1mci DP\u010c) vedu pr\u00e1ci s rodinami realizovanou v podob\u011b v\u00edkendov\u00fdch terapeutick\u00fdch strukturovan\u00fdch program\u016f, jejich\u017e sou\u010d\u00e1st\u00ed je skupina rodi\u010d\u016f a p\u0159\u00edbuzn\u00fdch, konzultace za \u00fa\u010dasti klienta, p\u0159\u00edbuzn\u00fdch a terapeuta, spole\u010dn\u00e9 volno\u010dasov\u00e9 aktivity, vzd\u011bl\u00e1vac\u00ed lekce. V&nbsp;komunit\u011b tak\u00e9 pracuji jako muzikoterapeut.<\/p>\n\n\n\n<p class=\"has-text-align-left\"><strong>Celostn\u00ed muzikoterapeut<\/strong> \u2013 PN Kosmonosy \u2013 2016 \u2013 dosud \u2013 pr\u00e1ce na dohodu, doj\u00ed\u017ed\u00edm do Kosmonos n\u011bkolikr\u00e1t do m\u011bs\u00edce, pracuji na detoxu, odd\u011blen\u00ed K20 a S7. S8., TK Advaita.<\/p>\n\n\n\n<div style=\"height:100px\" aria-hidden=\"true\" class=\"wp-block-spacer\"><\/div>\n","protected":false},"excerpt":{"rendered":"<p>C\u00edt\u00edm se b\u00fdt mnohem mlad\u0161\u00edm, ne\u017e kolik m\u00e1m t\u00f3n\u016f na stupnici let. Je jich tam 57 a zn\u011bj\u00ed mi v&nbsp;odli\u0161n\u00fdch intervalech a zabarven\u00edch podle toho, jak jsem vzdoroval nebo plynul. M\u016fj \u0161koln\u00ed vzdor byl skryt\u00fd. Do \u0161koly jsem putoval velmi nerad. I kdy\u017e jsem ve \u0161koln\u00edch lavic\u00edch dost \u010dasu prospal, doma jsem se pak u\u010dil, &hellip; <\/p>\n<p class=\"link-more\"><a href=\"https:\/\/kopejska.cz\/?page_id=15\" class=\"more-link\">Read more<span class=\"screen-reader-text\"> &#8222;O mn\u011b&#8220;<\/span><\/a><\/p>\n","protected":false},"author":1,"featured_media":72,"parent":0,"menu_order":0,"comment_status":"closed","ping_status":"closed","template":"","meta":[],"_links":{"self":[{"href":"https:\/\/kopejska.cz\/index.php?rest_route=\/wp\/v2\/pages\/15"}],"collection":[{"href":"https:\/\/kopejska.cz\/index.php?rest_route=\/wp\/v2\/pages"}],"about":[{"href":"https:\/\/kopejska.cz\/index.php?rest_route=\/wp\/v2\/types\/page"}],"author":[{"embeddable":true,"href":"https:\/\/kopejska.cz\/index.php?rest_route=\/wp\/v2\/users\/1"}],"replies":[{"embeddable":true,"href":"https:\/\/kopejska.cz\/index.php?rest_route=%2Fwp%2Fv2%2Fcomments&post=15"}],"version-history":[{"count":66,"href":"https:\/\/kopejska.cz\/index.php?rest_route=\/wp\/v2\/pages\/15\/revisions"}],"predecessor-version":[{"id":623,"href":"https:\/\/kopejska.cz\/index.php?rest_route=\/wp\/v2\/pages\/15\/revisions\/623"}],"wp:featuredmedia":[{"embeddable":true,"href":"https:\/\/kopejska.cz\/index.php?rest_route=\/wp\/v2\/media\/72"}],"wp:attachment":[{"href":"https:\/\/kopejska.cz\/index.php?rest_route=%2Fwp%2Fv2%2Fmedia&parent=15"}],"curies":[{"name":"wp","href":"https:\/\/api.w.org\/{rel}","templated":true}]}}